7 is divided by 50?
47
What is the remainder when 880154 is divided by 439738?
678
What is the remainder when 168190 is divided by 84039?
112
Calculate the remainder when 782740 is divided by 65.
10
Calculate the remainder when 2594343 is divided by 554.
515
What is the remainder when 1943088 is divided by 485764?
32
What is the remainder when 74068 is divided by 7258?
1488
What is the remainder when 7200696 is divided by 6546?
96
Calculate the remainder when 366010 is divided by 91392.
442
What is the remainder when 29791431 is divided by 62?
59
What is the remainder when 19213852 is divided by 23?
20
What is the remainder when 408838 is divided by 202?
192
What is the remainder when 3207078 is divided by 74?
66
What is the remainder when 130539 is divided by 65263?
13
Calculate the remainder when 14930026 is divided by 1244168.
10
What is the remainder when 688302 is divided by 4197?
4191
Calculate the remainder when 6044142 is divided by 3022049.
44
Calculate the remainder when 28085 is divided by 2500.
585
What is the remainder when 1114049 is divided by 26516?
377
What is the remainder when 932126 is divided by 46593?
266
What is the remainder when 350436 is divided by 106?
0
What is the remainder when 33059989 is divided by 23?
19
What is the remainder when 1348606737 is divided by 65?
62
What is the remainder when 147283568 is divided by 2045605?
8
Calculate the remainder when 66552070 is divided by 181.
180
Calculate the remainder when 267778 is divided by 1339.
1317
What is the remainder when 7217 is divided by 659?
627
What is the remainder when 258734 is divided by 64532?
606
What is the remainder when 1878101 is divided by 268299?
8
What is the remainder when 27893437 is divided by 65?
52
What is the remainder when 316054 is divided by 1423?
148
Calculate the remainder when 214797 is divided by 1471.
31
Calculate the remainder when 1367876 is divided by 21373.
4
What is the remainder when 528881 is divided by 105775?
6
What is the remainder when 2102878 is divided by 30041?
8
Calculate the remainder when 16116097 is divided by 2002.
1999
Calculate the remainder when 178036759 is divided by 7.
5
Calculate the remainder when 28307164 is divided by 76.
52
What is the remainder when 4500401 is divided by 3785?
36
What is the remainder when 710419 is divided by 14497?
66
What is the remainder when 24207 is divided by 11552?
1103
Calculate the remainder when 151609 is divided by 37889.
53
What is the remainder when 4118398 is divided by 138?
64
Calculate the remainder when 13883781 is divided by 43936.
5
What is the remainder when 597962110 is divided by 53?
51
Calculate the remainder when 5024564 is divided by 25.
14
What is the remainder when 46392537 is divided by 471?
450
Calculate the remainder when 3045118 is divided by 735.
13
What is the remainder when 10903620 is divided by 4418?
4414
What is the remainder when 612795 is divided by 67?
13
What is the remainder when 694957 is divided by 49638?
25
Calculate the remainder when 70482591 is divided by 86270.
1
What is the remainder when 8896564 is divided by 1258?
1246
What is the remainder when 58058 is divided by 5235?
473
Calculate the remainder when 3624627 is divided by 362461.
17
Calculate the remainder when 6272018 is divided by 3136.
18
Calculate the remainder when 53840854 is divided by 24.
22
What is the remainder when 670757 is divided by 3275?
2657
What is the remainder when 76812846 is divided by 23?
22
What is the remainder when 748962 is divided by 62275?
1662
Calculate the remainder when 4697146 is divided by 1949.
56
What is the remainder when 543891 is divided by 3650?
41
What is the remainder when 393289 is divided by 491?
489
Calculate the remainder when 236942 is divided by 10769.
24
What is the remainder when 599266 is divided by 149781?
142
What is the remainder when 2525555 is divided by 841838?
41
Calculate the remainder when 85347 is divided by 882.
675
Calculate the remainder when 140163 is divided by 452.
43
What is the remainder when 185959 is divided by 7748?
7
What is the remainder when 3704189 is divided by 356?
9
Calculate the remainder when 108287 is divided by 855.
557
What is the remainder when 1390868 is divided by 3035?
838
What is the remainder when 69490 is divided by 6903?
460
What is the remainder when 22348 is divided by 5585?
8
What is the remainder when 44745 is divided by 522?
375
Calculate the remainder when 17132 is divided by 8493.
146
What is the remainder when 41666904 is divided by 1736121?
0
Calculate the remainder when 287986 is divided by 1694.
6
What is the remainder when 31283513 is divided by 265?
263
Calculate the remainder when 584169 is divided by 2346.
15
Calculate the remainder when 254871 is divided by 121946.
10979
Calculate the remainder when 348671 is divided by 4638.
821
Calculate the remainder when 5368937 is divided by 970.
957
Calculate the remainder when 1329711 is divided by 372.
183
What is the remainder when 1319245 is divided by 285?
265
Calculate the remainder when 5916466 is divided by 271.
265
Calculate the remainder when 111341 is divided by 2854.
35
Calculate the remainder when 691573 is divided by 981.
949
Calculate the remainder when 11733 is divided by 2821.
449
Calculate the remainder when 14825458 is divided by 10.
8
What is the remainder when 77288 is divided by 2965?
198
Calculate the remainder when 2525586 is divided by 2464.
2450
What is the remainder when 1411850 is divided by 39217?
38
What is the remainder when 310991 is divided by 310747?
244
Calculate the remainder when 425523 is divided by 341.
296
Calculate the remainder when 108820 is divided by 963.
1
What is the remainder when 163336804 is divided by 2366?
2360
What is the remainder when 4594061 is divided by 208?
173
What is the remainder when 637276 is divided by 193?
183
Calculate the remainder when 775918 is divided by 149.
75
What is the remainder when 8999216 is divided by 2249800?
16
What is the remainder when 14530693 is divided by 5?
3
What is the remainder when 24848 is divided by 6085?
508
Calculate the remainder when 81274082 is divided by 25.
7
Calculate the remainder when 72270772 is divided by 1580.
1572
What is the remainder when 30924618 is divided by 619?
616
Calculate the remainder when 618396 is divided by 103065.
6
Calculate the remainder when 6209974 is divided by 6173.
6109
What is the remainder when 160064 is divided by 53041?
941
Calculate the remainder when 25068743 is divided by 1505.
1463
What is the remainder when 3192080 is divided by 6321?
6296
Calculate the remainder when 43774689 is divided by 2270.
9
Calculate the remainder when 830984 is divided by 92328.
32
Calculate the remainder when 213950 is divided by 16457.
9
What is the remainder when 679678 is divided by 2290?
1838
Calculate the remainder when 27088025 is divided by 11.
8
Calculate the remainder when 172245 is divided by 171619.
626
What is the remainder when 188535 is divided by 717?
681
Calculate the remainder when 2688552079 is divided by 843.
841
Calculate the remainder when 8069208 is divided by 310354.
4
Calculate the remainder when 301460 is divided by 100.
60
What is the remainder when 6067 is divided by 180?
127
Calculate the remainder when 205983 is divided by 41072.
623
Calculate the remainder when 144628 is divided by 1210.
638
Calculate the remainder when 533993 is divided by 31407.
74
What is the remainder when 1611057 is divided by 11360?
9297
What is the remainder when 7742476 is divided by 87?
85
Calculate the remainder when 1122375 is divided by 1122328.
47
What is the remainder when 330601 is divided by 55091?
55
What is the remainder when 524497 is divided by 348?
61
What is the remainder when 38929 is divided by 19191?
547
What is the remainder when 546695 is divided by 513?
350
What is the remainder when 296589 is divided by 98824?
117
What is the remainder when 232435 is divided by 173?
96
Calculate the remainder when 7233872 is divided by 2411274.
50
What is the remainder when 49238292 is divided by 2344680?
12
What is the remainder when 52694595 is divided by 1452?
63
What is the remainder when 6841574 is divided by 46?
40
What is the remainder when 13287332 is divided by 823?
820
Calculate the remainder when 491